= b**2 + 3*b + 6. Let o be p(-4). Let v(i) = -3*i + 3*i - 38 + 0*i + 52 + i - 29. Give v(o).
-5
Let p(z) = 2*z - 5. Let r = 30 - 27. Suppose -4*v = -r*a + 18, v + 0*a + 5 = a. Let f be ((-20)/15)/(v/9). Give p(f).
3
Let k(i) be the third derivative of i**7/84 - i**6/360 + i**5/60 - i**4/24 - 41*i**3/6 - 201*i**2. Let q(w) be the first derivative of k(w). Give q(1).
10
Let z(x) = -x**3 + 6*x + 11. Let l be z(-2). Let r be l*(74/(-14) - (-3 + -2)). Let a(k) = 8*k**2 - 3*k - 3. What is a(r)?
35
Let u(f) be the third derivative of 3*f**4/8 + 8*f**3/3 - 3316*f**2. What is u(-2)?
-2
Let v(i) = i**3 - 5*i**2 + 3*i + 1. Let d = 68 - 66. Let g be (d - -1) + 5 + 2 + -6. Suppose l + 4 = 6*l + g*r, -4*l + 4 = 3*r. Give v(l).
-3
Let i(j) = 3*j**2 - 34*j - 17. Let h(p) = p**2 - 12*p - 6. Let g(n) = -7*n**2 + 7*n - 3. Let u be g(2). Let r(l) = u*h(l) + 6*i(l). Calculate r(-3).
9
Suppose 9876 + 2238 = 285*h + 144. Let g(u) = 2*u - 93. What is g(h)?
-9
Let a(s) = 2. Let m(t) = t + 3. Let f(i) = a(i) - 2*m(i). Let z be 2/(0 + 5/(-4) - -1). Calculate f(z).
12
Suppose -2*p - 6 = 3*t - 0*t, 15 = t - 5*p. Suppose t = 11*h - 29*h - 162. Let d(l) = 3*l + 9. Determine d(h).
-18
Let u(h) = -9*h - 8. Let t(c) = 12*c - 11*c - 8 - 11*c - c. Let o(y) = -4*t(y) + 5*u(y). Let z(r) = r**2 - 10*r - 14. Let g be z(11). Calculate o(g).
-5
Let s be 13 + -49 + 9 + 4. Let p(y) = y**3 + 24*y**2 + 26*y + 69. Determine p(s).
0
Let o(s) = -38*s + 7*s**2 + 32 - 36*s + s**3 - 34*s + 99*s + 3*s**2. Determine o(-11).
10
Let j(v) = v**2 + 10*v - 21. Let h = -9203 + 9191. Give j(h).
3
Let f(a) = -a**2 - 2*a - 4. Let v be f(-3). Let b(i) be the second derivative of 1/20*i**5 - 5*i**2 + 7/12*i**4 + 93*i + 1/6*i**3 + 0. Determine b(v).
-17
Let i(g) = 2*g**2 - 4*g + 4. Let q(c) = -c**3 + 24*c**2 - 42*c - 52. Let y be q(22). Let l(h) = -h**3 - 3*h**2 + 37*h - 21. Let p be l(y). Calculate i(p).
10
Let u = 3 - 1. Suppose -u*r + 0 + 2 = 0. Let y(m) = -166*m**3 + m - 1 - 170*m**3 - 485*m**2 + m - 163*m**3 + 483*m**2 + 498*m**3. Calculate y(r).
-2
Let l(g) = -4*g + 47. Let d be l(11). Suppose 6 + 154 = 4*c. Let i(r) = 45*r**2 + d*r - 21 - 84*r**2 - r**3 - 4*r + c*r**2. Determine i(0).
-21
Let h be 0 + -5*(-54)/90. Let j(o) be the third derivative of 0*o**5 - 1/40*o**6 + 0*o + 1/6*o**h + 0 + 1/12*o**4 - 27*o**2. Calculate j(-1).
2
Suppose 1589 = 20*i - 1131. Suppose 138*m - i*m = -36. Let u(y) = y**3 + 18*y**2 + y + 17. Give u(m).
-1
Let j(m) = m**3 + 6*m**2 - 12*m - 15. Let y(a) = -a**3 - 16*a**2 - 49*a + 59. Let t be y(-6). Give j(t).
20
Let s(y) = 4 - 314495*y**3 + 5*y - 314504*y**3 + 5*y**2 + 628998*y**3. Let c = 4 + 0. Suppose c = r - 2. What is s(r)?
-2
Let m(o) be the third derivative of -13*o**2 - 1/3*o**3 - 2 + 0*o + 0*o**4 + 1/60*o**5. Let u be 28/(-10) - (-2)/(-10). Give m(u).
7
Let q = -124 + 135. Suppose -f + 6 - q = 0. Let g(h) be the first derivative of -h**4/4 - 4*h**3/3 + 3*h**2 + 3*h - 2. Calculate g(f).
-2
Let x(p) = p**3 - 4*p**2 - 5*p - 1. Suppose 2*r + 0*c - 4*c + 16 = 0, -4 = -c. Suppose -32*w + 78 + 82 = r. Calculate x(w).
-1
Let d(q) = -27*q**2 - 3*q - 50. Let l(a) = 10*a**2 + 18. Let j(h) = -3*d(h) - 8*l(h). Let p be 5*(-1 - 2/10). Give j(p).
-12
Let x(z) = 2*z**2 - 2*z - 113. Suppose 109*o - 3*q + 9 = 104*o, -2*o - 5*q + 15 = 0. Determine x(o).
-113
Let r(c) be the third derivative of -c**4/24 - 5*c**3/6 + 118*c**2. Calculate r(7).
-12
Suppose 3*n = 6*n + 45. Let d = n - -21. Let k(t) = t**2 + 7*t - 10. Let r(z) = 2*z**2 + 11*z - 19. Let i(x) = 7*k(x) - 4*r(x). What is i(d)?
0
Let n(y) = y + 52 + 65 - 83. Give n(-29).
5
Let k(i) = i**2 + 14*i + 15. Let u be k(-1). Let n(f) = 3*f - 1 + 5*f**u + 3*f**2 + 3*f**3 - 5 - 4*f**3. Give n(8).
18
Let t(l) = 7*l**2 - 4*l**2 + 5*l + 1 - l**2 + l - 3*l**2. Let u be -1 + -1 + 8 + (-2)/2. Give t(u).
6
Suppose 4*t = 12, -5*t + 4 + 11 = 3*y. Suppose 6*r - 20 - 88 = y. Let h(q) = -2 + r*q - 17*q + 0. Determine h(-2).
-4
Let l(o) = -o**3 + 6*o**2 - o + 5. Let w be (-3 - -3) + -274*2/4. Let m = w + 143. Calculate l(m).
-1
Suppose 12*k - 7*k - 15 = 0. Let z(i) = -754*i**k + 1 + 2*i + 2*i**2 + 373*i**3 + 373*i**3. Determine z(-1).
9
Suppose 0 = 6*t + 11 - 77. Let h(g) = g**2 - 25*g + 5*g + t*g - 7. Determine h(8).
-15
Suppose 630 = 3*i + 4*a, 0*a + 2*a = 4*i - 818. Let r = i - 212. Let m(u) = u**2 + 6*u + 1. Determine m(r).
1
Let i = -115 - -117. Let c(w) = -w**i + 11 - 10*w + 7*w - 2 + 8*w. What is c(9)?
-27
Let c(a) be the second derivative of a**7/840 - a**6/20 + 17*a**5/120 - a**4/3 + 61*a**3/3 + 26*a. Let p(y) be the second derivative of c(y). Determine p(17).
-8
Let q be ((-208)/14)/(20/(-70)). Let g = 82 - q. Suppose -3*y = g - 12. Let o(l) = -l**2 - 9*l - 5. Give o(y).
13
Suppose 2*l + 2*m + 30 = 0, -l - m + 51 = -6*l. Let z = 16 + l. Let c(f) = -z*f - 6 - 12*f**2 + 11*f**2 - 2*f. Calculate c(-4).
6
Suppose 0 = -3*w + 4*z - 14, 7*w = -3*z - 37 - 8. Let n(g) = 8*g + 32. Give n(w).
-16
Let y(i) = 31*i - 270. Let m be y(9). Let x(s) = -8*s + 48. What is x(m)?
-24
Let s(u) = -37*u**2 - 17*u - 6. Let h(m) = 6*m**2 + 4*m. Let g(q) = -6*h(q) - s(q). Calculate g(6).
0
Let r = 382 - 30. Suppose -5*u - r + 362 = 0. Let k(j) = j**2 - 4*j + 1. Determine k(u).
-3
Let g = 852 + -842. Let m(w) = -6*w + 18 + 4*w - 9 + w - g. Let b(x) = x - 1. Let v be b(1). Calculate m(v).
-1
Let g be ((-434)/(-56) + -8)*6*2/(-3). Let o(l) = 46*l. Determine o(g).
46
Let u(f) = 1 + 10*f**2 - 4*f**2 + f**3 - 5*f**2. Let g(j) = -5*j**3 - j**2 + 2*j - 1. Let l(x) = -g(x) - 6*u(x). Suppose -2*c = 2*c + 20. Determine l(c).
5
Let u(x) = 2*x**3 + 84*x**2 - 86*x - 9. Let v(a) = -24*a - 259. Let n be v(-9). Let p be u(n). Let h(d) = d**2 + 9*d + 2. Give h(p).
2
Let i(x) be the third derivative of x**3 - 17*x**2 + 0 + 0*x + 1/12*x**4. Determine i(-5).
-4
Let d(y) = -7*y - 3. Let r(g) = g**3 + 8*g**2 + 7*g - 2. Let h(s) = -s + 11. Let v be h(-5). Let a = v - 23. Let c be r(a). What is d(c)?
11
Let d(q) be the first derivative of -q - q**2 + 236 - 1/4*q**4 - 3*q**3. Calculate d(-9).
17
Let i(z) = z**2 + 16*z - 9. Suppose -2*u = 4*f + 28, -2*f + 14 = 16*u - 17*u. Calculate i(u).
-37
Let d(t) = -428*t + 86. Let y(s) = 15*s - 3. Let g(z) = -2*d(z) - 57*y(z). Let x be 2/(-6) - (-34)/(-6). Let h be 1/3 - (-20)/x. What is g(h)?
-4
Let s(p) = -p**2 - p**3 + 4 - p - 3*p + 4*p. Let b be (-561)/(-15) - (-6)/10. Suppose 35*c = b*c. Give s(c).
4
Let i(b) = -b**3 - 16*b**2 + 1. Let s(d) = 6*d**3 + 105*d**2 + 12*d + 22. Let t(p) = 7*i(p) + s(p). What is t(-8)?
-3
Let k = 53 - 68. Let l be ((-87)/(-15) - 5)*k/2. Let c(w) = 4*w + 4. Let g(y) = 5*y + 4. Let s(i) = 6*c(i) - 5*g(i). Determine s(l).
10
Let r(f) be the third derivative of -f**5/60 + f**4/4 + 2*f**3/3 - 288*f**2 - 3*f. Give r(5).
9
Let j(p) = p**2 - 11*p - 4. Suppose 9*m - 4581 = -4545. Give j(m).
-32
Let h(q) be the first derivative of -q**2/2 - 86*q + 2781. Give h(-20).
-66
Let i(t) = -2*t**2 - 7*t + 85. Let m be i(-10). Let j(l) = 65*l - 115. Let b(u) = 3*u - 5. Let r(n) = m*b(n) + 2*j(n). Calculate r(-2).
5
Let r(f) = 288*f + 1719. Let m be r(-6). Let z(d) = 5*d + 52. Calculate z(m).
7
Let s(x) = -11*x - 31. Suppose 49*c + 51 = -56 - 138. Give s(c).
24
Let s(o) = -o - 7. Suppose -4*f - 4*i - 88 = -100, 22 = 4*f - i. Let u(q) = -6*q + 24. Let b be u(f). What is s(b)?
-1
Let d(m) be the first derivative of -m**2 - 7*m + 1201. Calculate d(-14).
21
Let c(p) = -5*p**2 + 23*p + 117. Let m be c(-6). Let u = m + 208. Let d(f) = -f**2 + 5*f + 2. What is d(u)?
-12
Let c(f) be the first derivative of -f**4/12 - 5*f**3/3 - 2*f**2 + 140*f + 64. Let s(n) be the first derivative of c(n). Let g = 12 - 21. What is s(g)?
5
Let g(v) be the third derivative of 0 - 59*v**2 - 1/8*v**4 - 1/60*v**5 + 0*v + 0*v**3. Give g(-5).
-10
Let s(f) be the first derivative of -9*f**2 - 8*f + 33. Let v be s(-1). Let i(z) = z**2 - 12*z + 12. Calculate i(v).
-8
Let j(b) = -b**2 + 7*b - 3. Suppose 11*t - 36 = -3. Suppose -1 + t = s. Let m be ((-196)/(-8))/7*s. Give j(m).
-3
Let j(t) = 27*t - 18 - t**3 + 33*t + 31*t - 96*t + 39*t + 13*t**2. Give j(15).
42
Let f(w) = -19*w - 192. Suppose -3*p - 3*q = 48, -3*p = 5258*q - 5260*q + 18. Give f(p).
-2
Let m(q) = -q**2 + 18*q - 38. Let h(j) = j**3 + 21*j**2 + 17*j - 44. Let k be h(-20). Calculate m(k).
-6
Suppose p = -3*m + 20